{"id":23,"date":"2014-01-25T18:40:17","date_gmt":"2014-01-25T18:40:17","guid":{"rendered":"http:\/\/finsk1946.dk\/?page_id=23"},"modified":"2022-09-07T19:26:48","modified_gmt":"2022-09-07T19:26:48","slug":"joy","status":"publish","type":"page","link":"https:\/\/finsk1946.dk\/?page_id=23","title":{"rendered":"Joy"},"content":{"rendered":"<p align=\"center\"><b><span style=\"font-size: x-large;\">Joy<\/span><span style=\"font-size: large;\"><br \/>\n(Vedhauge Joy)<\/span><\/b><\/p>\n<p align=\"center\"><span style=\"font-size: large;\"><b>Dv\u00e6rg Pinscher,<br \/>\nF\u00f8dt 29.03.2006<br \/>\nD\u00f8d 14.12.1919<\/b><\/span><\/p>\n<p align=\"center\"><a href=\"https:\/\/i0.wp.com\/finsk1946.dk\/wp-content\/uploads\/2014\/03\/Joy01.jpg\"><img loading=\"lazy\" src=\"https:\/\/i0.wp.com\/finsk1946.dk\/wp-content\/uploads\/2014\/03\/Joy01.jpg?resize=213%2C300\" alt=\"Joy01\" width=\"213\" height=\"300\" data-recalc-dims=\"1\" \/><\/a><\/p>\n<p align=\"center\"><b>Han er fra Kennel Vedhauge v\/Jytte Pedersen.<\/b><\/p>\n<p align=\"center\"><b>Hans far Blue-Star Nemo (DKCH, SCH), er<br \/>\nopdr\u00e6tte i Ungarn, men er importeret til Sverige.<\/b><\/p>\n<p align=\"center\"><b>Hans mor er Exigor&#8217;s Simba Zue er opdr\u00e6ttet i Sverige<br \/>\nmen er importeret til Danmark, og ejes af Kennel Vedhauge.<\/b><\/p>\n<p align=\"center\"><a href=\"https:\/\/i0.wp.com\/finsk1946.dk\/wp-content\/uploads\/2014\/03\/Joy02.jpg\"><img loading=\"lazy\" src=\"https:\/\/i0.wp.com\/finsk1946.dk\/wp-content\/uploads\/2014\/03\/Joy02.jpg?resize=300%2C281\" alt=\"Joy02\" width=\"300\" height=\"281\" data-recalc-dims=\"1\" \/><\/a>\u00a0 <a href=\"https:\/\/i0.wp.com\/finsk1946.dk\/wp-content\/uploads\/2014\/03\/Joy03.jpg\"><img loading=\"lazy\" src=\"https:\/\/i0.wp.com\/finsk1946.dk\/wp-content\/uploads\/2014\/03\/Joy03.jpg?resize=318%2C279\" alt=\"Joy03\" width=\"318\" height=\"279\" data-recalc-dims=\"1\" \/><\/a><b>Lige ankommet, og de nye faciliteter ses an.<\/b><\/p>\n<p align=\"center\"><a href=\"https:\/\/i0.wp.com\/finsk1946.dk\/wp-content\/uploads\/2014\/03\/Joy04.jpg\"><img loading=\"lazy\" src=\"https:\/\/i0.wp.com\/finsk1946.dk\/wp-content\/uploads\/2014\/03\/Joy04.jpg?resize=300%2C227\" alt=\"Joy04\" width=\"300\" height=\"227\" data-recalc-dims=\"1\" \/><\/a><br \/>\n<b>Hobby skal lige se hvad Joy har fundet.<\/b><\/p>\n<p align=\"center\"><a href=\"https:\/\/i0.wp.com\/finsk1946.dk\/wp-content\/uploads\/2014\/03\/Joy05.jpg\"><img loading=\"lazy\" src=\"https:\/\/i0.wp.com\/finsk1946.dk\/wp-content\/uploads\/2014\/03\/Joy05.jpg?resize=300%2C222\" alt=\"Joy05\" width=\"300\" height=\"222\" data-recalc-dims=\"1\" \/><\/a><br \/>\n<b>Og s\u00e5 skal der lige hilses p\u00e5 Chip, som bestemt ikke<br \/>\nsyntes det er s\u00e5 sjovt med s\u00e5dan en lille rod.<\/b><\/p>\n<p style=\"text-align: center;\"><a href=\"https:\/\/i0.wp.com\/finsk1946.dk\/wp-content\/uploads\/2014\/01\/Joy-Fuffu-IMG_7810-w.jpg\"><img loading=\"lazy\" src=\"https:\/\/i0.wp.com\/finsk1946.dk\/wp-content\/uploads\/2014\/01\/Joy-Fuffu-IMG_7810-w.jpg?resize=236%2C300\" alt=\"Joy Fuffu IMG_7810-w\" width=\"236\" height=\"300\" data-recalc-dims=\"1\" \/><\/a><br \/>\n<b>\u00c5h nej far, atter en af disse sm\u00e5, som jeg ikke har nok i de to andre.<\/b><b><br \/>\nFuffu vil helst ikke snakke med Joy, men n\u00e5r Joy ikke opdager det,<br \/>\ns\u00e5 bliver han lige unders\u00f8gt.<br \/>\nOg Fuffu kende kun til sm\u00e5 r\u00f8de dj\u00e6vle,<br \/>\nog nu er der lige pludselig en sort\/r\u00f8d &#8211; Uha!<\/b><\/p>\n<p style=\"text-align: center;\"><a href=\"https:\/\/i0.wp.com\/finsk1946.dk\/wp-content\/uploads\/2014\/03\/Joy06.jpg\"><img loading=\"lazy\" src=\"https:\/\/i0.wp.com\/finsk1946.dk\/wp-content\/uploads\/2014\/03\/Joy06.jpg?resize=300%2C197\" alt=\"Joy06\" width=\"300\" height=\"197\" data-recalc-dims=\"1\" \/><\/a><br \/>\n<b>Se\u00a0 hvor det g\u00e5r, jeg tror jeg kan l\u00f8be<br \/>\nlige s\u00e5 hurtigt som en Greyhound,<br \/>\nom ikke andet s\u00e5 m\u00e5 Fuffu nok tr\u00e6ne ham lidt.<\/b><\/p>\n<p style=\"text-align: center;\"><b>Ja, dette var foto fra f\u00f8rste dag med Joy. Han blev accepteret<br \/>\nmed det samme, selvom b\u00e5de Chip og is\u00e6r Fuffu var lidt reserveret,<br \/>\nmen Hobby s\u00e5 straks en ny legekammerat i Joy.<\/b><\/p>\n<p style=\"text-align: center;\"><a href=\"https:\/\/i0.wp.com\/finsk1946.dk\/wp-content\/uploads\/2014\/03\/Joy07.jpg\"><img loading=\"lazy\" src=\"https:\/\/i0.wp.com\/finsk1946.dk\/wp-content\/uploads\/2014\/03\/Joy07.jpg?resize=300%2C199\" alt=\"Joy07\" width=\"300\" height=\"199\" data-recalc-dims=\"1\" \/><\/a><br \/>\n<b>S\u00e5 leges der i haven med Hobby<\/b><\/p>\n<p style=\"text-align: center;\"><a href=\"https:\/\/i0.wp.com\/finsk1946.dk\/wp-content\/uploads\/2014\/03\/Joy09.jpg\"><img loading=\"lazy\" src=\"https:\/\/i0.wp.com\/finsk1946.dk\/wp-content\/uploads\/2014\/03\/Joy09.jpg?resize=240%2C251\" alt=\"Joy09\" width=\"240\" height=\"251\" data-recalc-dims=\"1\" \/><\/a><br \/>\n<b>Sk\u00f8nt med at lege i sneen<\/b><\/p>\n<p style=\"text-align: center;\"><a href=\"https:\/\/i0.wp.com\/finsk1946.dk\/wp-content\/uploads\/2014\/03\/Joy10.jpg\"><img loading=\"lazy\" src=\"https:\/\/i0.wp.com\/finsk1946.dk\/wp-content\/uploads\/2014\/03\/Joy10.jpg?resize=292%2C240\" alt=\"Joy10\" width=\"292\" height=\"240\" data-recalc-dims=\"1\" \/><\/a><br \/>\n<b>Men ogs\u00e5 herligt at ligge<br \/>\ni varmen foran br\u00e6ndeovnen<\/b><\/p>\n<p style=\"text-align: center;\"><a href=\"https:\/\/i0.wp.com\/finsk1946.dk\/wp-content\/uploads\/2014\/03\/Joy11.jpg\"><img loading=\"lazy\" src=\"https:\/\/i0.wp.com\/finsk1946.dk\/wp-content\/uploads\/2014\/03\/Joy11.jpg?resize=278%2C240\" alt=\"Joy11\" width=\"278\" height=\"240\" data-recalc-dims=\"1\" \/><\/a><br \/>\n<strong>Man forst\u00e5r at vise sig frem<\/strong><\/p>\n<p style=\"text-align: center;\"><a href=\"https:\/\/i0.wp.com\/finsk1946.dk\/wp-content\/uploads\/2014\/03\/Joy12.jpg\"><img loading=\"lazy\" src=\"https:\/\/i0.wp.com\/finsk1946.dk\/wp-content\/uploads\/2014\/03\/Joy12.jpg?resize=300%2C199\" alt=\"Joy12\" width=\"300\" height=\"199\" data-recalc-dims=\"1\" \/><\/a><br \/>\n<b>Der skal leges med bold<br \/>\nHURRA<\/b><\/p>\n<p style=\"text-align: center;\"><a href=\"https:\/\/i0.wp.com\/finsk1946.dk\/wp-content\/uploads\/2014\/03\/Joy13.jpg\"><img loading=\"lazy\" src=\"https:\/\/i0.wp.com\/finsk1946.dk\/wp-content\/uploads\/2014\/03\/Joy13.jpg?resize=240%2C290\" alt=\"Joy13\" width=\"240\" height=\"290\" data-recalc-dims=\"1\" \/><\/a><br \/>\n<b>S\u00e5 g\u00e5r vi tur, det store br\u00f8d<br \/>\ner alts\u00e5 Kimi<\/b><\/p>\n<p style=\"text-align: center;\"><a href=\"https:\/\/i0.wp.com\/finsk1946.dk\/wp-content\/uploads\/2014\/01\/Hunde-2.jpg\"><img data-attachment-id=\"396\" data-permalink=\"https:\/\/finsk1946.dk\/?attachment_id=396\" data-orig-file=\"https:\/\/i0.wp.com\/finsk1946.dk\/wp-content\/uploads\/2014\/01\/Hunde-2.jpg?fit=430%2C640&amp;ssl=1\" data-orig-size=\"430,640\" data-comments-opened=\"0\" data-image-meta=\"{&quot;aperture&quot;:&quot;5.6&quot;,&quot;credit&quot;:&quot;&quot;,&quot;camera&quot;:&quot;Canon EOS 7D&quot;,&quot;caption&quot;:&quot;&quot;,&quot;created_timestamp&quot;:&quot;1330715481&quot;,&quot;copyright&quot;:&quot;&quot;,&quot;focal_length&quot;:&quot;90&quot;,&quot;iso&quot;:&quot;400&quot;,&quot;shutter_speed&quot;:&quot;0.0166666666667&quot;,&quot;title&quot;:&quot;&quot;}\" data-image-title=\"Hunde-2\" data-image-description=\"\" data-image-caption=\"\" data-medium-file=\"https:\/\/i0.wp.com\/finsk1946.dk\/wp-content\/uploads\/2014\/01\/Hunde-2.jpg?fit=201%2C300&amp;ssl=1\" data-large-file=\"https:\/\/i0.wp.com\/finsk1946.dk\/wp-content\/uploads\/2014\/01\/Hunde-2.jpg?fit=430%2C640&amp;ssl=1\" loading=\"lazy\" class=\"alignnone size-medium wp-image-396\" src=\"https:\/\/i0.wp.com\/finsk1946.dk\/wp-content\/uploads\/2014\/01\/Hunde-2.jpg?resize=201%2C300\" alt=\"Hunde-2\" width=\"201\" height=\"300\" srcset=\"https:\/\/i0.wp.com\/finsk1946.dk\/wp-content\/uploads\/2014\/01\/Hunde-2.jpg?resize=201%2C300&amp;ssl=1 201w, https:\/\/i0.wp.com\/finsk1946.dk\/wp-content\/uploads\/2014\/01\/Hunde-2.jpg?w=430&amp;ssl=1 430w\" sizes=\"(max-width: 201px) 100vw, 201px\" data-recalc-dims=\"1\" \/><\/a><br \/>\n<strong>Er det nu vi skal lege<\/strong><\/p>\n","protected":false},"excerpt":{"rendered":"<p>Joy (Vedhauge Joy) Dv\u00e6rg Pinscher, F\u00f8dt 29.03.2006 D\u00f8d 14.12.1919 Han er fra Kennel Vedhauge v\/Jytte Pedersen. Hans far Blue-Star Nemo (DKCH, SCH), er opdr\u00e6tte i Ungarn, men er importeret til Sverige. Hans mor er Exigor&#8217;s Simba Zue er opdr\u00e6ttet i &hellip; <a href=\"https:\/\/finsk1946.dk\/?page_id=23\">L\u00e6s resten <span class=\"meta-nav\">&rarr;<\/span><\/a><\/p>\n","protected":false},"author":1,"featured_media":0,"parent":11,"menu_order":10,"comment_status":"closed","ping_status":"closed","template":"","meta":[],"jetpack_sharing_enabled":true,"jetpack_shortlink":"https:\/\/wp.me\/P6Pn4t-n","jetpack-related-posts":[{"id":153,"url":"https:\/\/finsk1946.dk\/?page_id=153","url_meta":{"origin":23,"position":0},"title":"Chip","date":"1. marts 2014","format":false,"excerpt":"Chip (Vedhauge Chip) Dv\u00e6rg Pinscher, f\u00f8dt den 10.05.1999 D\u00f8de desv\u00e6rre 29.08.2006 Han er fra Kennel Vedhauge v\/Jytte Pedersen. Hans far Royal Boru Capten Cook (DKCH) er opdr\u00e6tte i Finland, men er importeret til Danmark. Hans mor er Vedhauge Oline (DKCH) er opdr\u00e6tte i Danmark. Chip har v\u00e6ret til udstillinger, men\u2026","rel":"","context":"Similar post","img":{"alt_text":"","src":"https:\/\/i0.wp.com\/finsk1946.dk\/wp-content\/uploads\/2014\/03\/Chip01-275x300.jpg?resize=350%2C200","width":350,"height":200},"classes":[]},{"id":25,"url":"https:\/\/finsk1946.dk\/?page_id=25","url_meta":{"origin":23,"position":1},"title":"Kimi","date":"25. januar 2014","format":false,"excerpt":"Kimi (Vedhauge Kimi) Dv\u00e6rg Pinscher F\u00f8dt 30.10.2007 D\u00f8d 06.09.2022 (15 \u00e5r gammel) Han er fra Kennel Vedhauge v\/Jytte Pedersen. Hans far A'Dreams Soldier er opdr\u00e6tte i Finland, men har v\u00e6ret l\u00e5nt ud til Kennel Vedhauge, til opdr\u00e6t. Hans mor er Vedhauge Fie er opdr\u00e6tte i Danmark. F\u00e5 dage gammel Her\u2026","rel":"","context":"Similar post","img":{"alt_text":"","src":"https:\/\/i0.wp.com\/finsk1946.dk\/wp-content\/uploads\/2014\/03\/Kimi01-300x265.jpg?resize=350%2C200","width":350,"height":200},"classes":[]},{"id":21,"url":"https:\/\/finsk1946.dk\/?page_id=21","url_meta":{"origin":23,"position":2},"title":"Hobby","date":"25. januar 2014","format":false,"excerpt":"Hobby Vedhauge Hobby F\u00f8dt 13.10.2004 D\u00f8d 21.01.2021 (16 \u00e5r gammel) Far: Exigor\u2019s Bingo in Black Mor: Vedhauge Chanel Hobby er fra Kennel Vedhauge v\/Jytte Pedersen P\u00e5 billedet er Hobby blevet \u00bd \u00e5r, og \u00f8rerne er blevet flot st\u00e5ende. Hyggestund med Chip, det er Hobby bagerst Uha, det er koldt i\u2026","rel":"","context":"Similar post","img":{"alt_text":"Hobby01","src":"https:\/\/i0.wp.com\/finsk1946.dk\/wp-content\/uploads\/2014\/03\/Hobby01-300x229.jpg?resize=350%2C200","width":350,"height":200},"classes":[]},{"id":155,"url":"https:\/\/finsk1946.dk\/?page_id=155","url_meta":{"origin":23,"position":3},"title":"Fuffu","date":"1. marts 2014","format":false,"excerpt":"Fuffu (Greyfarm On Time) Greyhound, f\u00f8dt den 15.06.2003 D\u00f8de desv\u00e6rre 14.12.2006 Han er fra Sverige, fra Kennel Greyfarm v\/Lotte \u00d8rum og Henning Olesen, som nu er bosat i Irland. Hans far Real Revenge er opdr\u00e6tte i Australien, men er importeret til Sverige. Hans mor er Miss Muggins er opdr\u00e6tte i\u2026","rel":"","context":"Similar post","img":{"alt_text":"","src":"https:\/\/i0.wp.com\/finsk1946.dk\/wp-content\/uploads\/2014\/03\/Fufu02-300x274.jpg?resize=350%2C200","width":350,"height":200},"classes":[]},{"id":27,"url":"https:\/\/finsk1946.dk\/?page_id=27","url_meta":{"origin":23,"position":4},"title":"Mea","date":"25. januar 2014","format":false,"excerpt":"Mea (Vedhauge Chip) Dv\u00e6rg Pinscher, f\u00f8dt den 09.09.2009 Far: Vedhauge Kimi - Mor: Vedhauge Holly Ja, \u00f8rerne er stadig ikke s\u00e5 h\u00f8jt st\u00e5ende. Lydig hund - SIT Her har jeg det sk\u00f8nt, dejlig pude. Han er nu en flot fyr ham Kimi, og s\u00e5 er han ogs\u00e5 min far","rel":"","context":"Similar post","img":{"alt_text":"","src":"https:\/\/i0.wp.com\/finsk1946.dk\/wp-content\/uploads\/2014\/03\/Mea01-287x300.jpg?resize=350%2C200","width":350,"height":200},"classes":[]},{"id":11,"url":"https:\/\/finsk1946.dk\/?page_id=11","url_meta":{"origin":23,"position":5},"title":"Hunde","date":"25. januar 2014","format":false,"excerpt":"Jeg har stort set hele mit liv haft hunde. PT. har jeg 4 Dv\u00e6rg Pinschere, som alle kommer fra Kennel Vedhauge. Jeg har tidligere haft Dobberman, Sch\u00e6fer, Welsh Terrier, Basenji og Greyhound.","rel":"","context":"Similar post","img":{"alt_text":"","src":"","width":0,"height":0},"classes":[]}],"_links":{"self":[{"href":"https:\/\/finsk1946.dk\/index.php?rest_route=\/wp\/v2\/pages\/23"}],"collection":[{"href":"https:\/\/finsk1946.dk\/index.php?rest_route=\/wp\/v2\/pages"}],"about":[{"href":"https:\/\/finsk1946.dk\/index.php?rest_route=\/wp\/v2\/types\/page"}],"author":[{"embeddable":true,"href":"https:\/\/finsk1946.dk\/index.php?rest_route=\/wp\/v2\/users\/1"}],"replies":[{"embeddable":true,"href":"https:\/\/finsk1946.dk\/index.php?rest_route=%2Fwp%2Fv2%2Fcomments&post=23"}],"version-history":[{"count":7,"href":"https:\/\/finsk1946.dk\/index.php?rest_route=\/wp\/v2\/pages\/23\/revisions"}],"predecessor-version":[{"id":457,"href":"https:\/\/finsk1946.dk\/index.php?rest_route=\/wp\/v2\/pages\/23\/revisions\/457"}],"up":[{"embeddable":true,"href":"https:\/\/finsk1946.dk\/index.php?rest_route=\/wp\/v2\/pages\/11"}],"wp:attachment":[{"href":"https:\/\/finsk1946.dk\/index.php?rest_route=%2Fwp%2Fv2%2Fmedia&parent=23"}],"curies":[{"name":"wp","href":"https:\/\/api.w.org\/{rel}","templated":true}]}}