{"id":27,"date":"2014-01-25T18:41:06","date_gmt":"2014-01-25T18:41:06","guid":{"rendered":"http:\/\/finsk1946.dk\/?page_id=27"},"modified":"2014-03-03T12:51:08","modified_gmt":"2014-03-03T12:51:08","slug":"mea","status":"publish","type":"page","link":"http:\/\/finsk1946.dk\/?page_id=27","title":{"rendered":"Mea"},"content":{"rendered":"<p align=\"center\"><span style=\"font-size: x-large;\"><b>Mea<\/b><\/span><span style=\"font-size: large;\"><b><br \/>\n(Vedhauge Chip)<\/b><\/span><\/p>\n<p align=\"center\"><span style=\"font-size: large;\"><b>Dv\u00e6rg Pinscher, f\u00f8dt den 09.09.2009<\/b><\/span><\/p>\n<p align=\"center\"><span style=\"font-size: large;\"><b>Far: Vedhauge Kimi &#8211; Mor: Vedhauge Holly<\/b><\/span><\/p>\n<p align=\"center\"><b><a href=\"https:\/\/i0.wp.com\/finsk1946.dk\/wp-content\/uploads\/2014\/03\/Mea01.jpg\"><img loading=\"lazy\" alt=\"Mea01\" src=\"https:\/\/i0.wp.com\/finsk1946.dk\/wp-content\/uploads\/2014\/03\/Mea01.jpg?resize=287%2C300\" width=\"287\" height=\"300\" data-recalc-dims=\"1\" \/><\/a><\/b><\/p>\n<p align=\"center\"><b><a href=\"https:\/\/i0.wp.com\/finsk1946.dk\/wp-content\/uploads\/2014\/03\/Mea02.jpg\"><img loading=\"lazy\" alt=\"Mea02\" src=\"https:\/\/i0.wp.com\/finsk1946.dk\/wp-content\/uploads\/2014\/03\/Mea02.jpg?resize=196%2C300\" width=\"196\" height=\"300\" data-recalc-dims=\"1\" \/><\/a><\/b><br \/>\n<b>Ja, \u00f8rerne er stadig<br \/>\nikke s\u00e5 h\u00f8jt st\u00e5ende.<\/b><\/p>\n<p align=\"center\"><b> <a href=\"https:\/\/i0.wp.com\/finsk1946.dk\/wp-content\/uploads\/2014\/03\/Mea03.jpg\"><img loading=\"lazy\" alt=\"Mea03\" src=\"https:\/\/i0.wp.com\/finsk1946.dk\/wp-content\/uploads\/2014\/03\/Mea03.jpg?resize=240%2C292\" width=\"240\" height=\"292\" data-recalc-dims=\"1\" \/><\/a><\/b><br \/>\n<b>Lydig hund &#8211; <\/b><b>SIT<\/b><\/p>\n<p align=\"center\"><b> <a href=\"https:\/\/i0.wp.com\/finsk1946.dk\/wp-content\/uploads\/2014\/03\/Mea04.jpg\"><img loading=\"lazy\" alt=\"Mea04\" src=\"https:\/\/i0.wp.com\/finsk1946.dk\/wp-content\/uploads\/2014\/03\/Mea04.jpg?resize=277%2C240\" width=\"277\" height=\"240\" data-recalc-dims=\"1\" \/><\/a><\/b><\/p>\n<p align=\"center\"><a href=\"https:\/\/i0.wp.com\/finsk1946.dk\/wp-content\/uploads\/2014\/01\/Mea-1.jpg\"><img data-attachment-id=\"399\" data-permalink=\"http:\/\/finsk1946.dk\/?attachment_id=399\" data-orig-file=\"https:\/\/i0.wp.com\/finsk1946.dk\/wp-content\/uploads\/2014\/01\/Mea-1.jpg?fit=480%2C483\" data-orig-size=\"480,483\" data-comments-opened=\"0\" data-image-meta=\"{&quot;aperture&quot;:&quot;4.5&quot;,&quot;credit&quot;:&quot;&quot;,&quot;camera&quot;:&quot;Canon PowerShot SX260 HS&quot;,&quot;caption&quot;:&quot;&quot;,&quot;created_timestamp&quot;:&quot;1346344758&quot;,&quot;copyright&quot;:&quot;&quot;,&quot;focal_length&quot;:&quot;16.589&quot;,&quot;iso&quot;:&quot;640&quot;,&quot;shutter_speed&quot;:&quot;0.0166666666667&quot;,&quot;title&quot;:&quot;&quot;}\" data-image-title=\"Mea-1\" data-image-description=\"\" data-image-caption=\"\" data-medium-file=\"https:\/\/i0.wp.com\/finsk1946.dk\/wp-content\/uploads\/2014\/01\/Mea-1.jpg?fit=298%2C300\" data-large-file=\"https:\/\/i0.wp.com\/finsk1946.dk\/wp-content\/uploads\/2014\/01\/Mea-1.jpg?fit=480%2C483\" loading=\"lazy\" class=\"alignnone size-medium wp-image-399\" alt=\"Mea-1\" src=\"https:\/\/i0.wp.com\/finsk1946.dk\/wp-content\/uploads\/2014\/01\/Mea-1.jpg?resize=298%2C300\" width=\"298\" height=\"300\" srcset=\"https:\/\/i0.wp.com\/finsk1946.dk\/wp-content\/uploads\/2014\/01\/Mea-1.jpg?resize=298%2C300 298w, https:\/\/i0.wp.com\/finsk1946.dk\/wp-content\/uploads\/2014\/01\/Mea-1.jpg?resize=150%2C150 150w, https:\/\/i0.wp.com\/finsk1946.dk\/wp-content\/uploads\/2014\/01\/Mea-1.jpg?w=480 480w\" sizes=\"(max-width: 298px) 100vw, 298px\" data-recalc-dims=\"1\" \/><\/a><br \/>\n<strong>Her har jeg det sk\u00f8nt, dejlig pude.<\/strong><\/p>\n<p align=\"center\"><a href=\"https:\/\/i0.wp.com\/finsk1946.dk\/wp-content\/uploads\/2014\/01\/Hunde-1.jpg\"><img data-attachment-id=\"395\" data-permalink=\"http:\/\/finsk1946.dk\/?attachment_id=395\" data-orig-file=\"https:\/\/i0.wp.com\/finsk1946.dk\/wp-content\/uploads\/2014\/01\/Hunde-1.jpg?fit=424%2C640\" data-orig-size=\"424,640\" data-comments-opened=\"0\" data-image-meta=\"{&quot;aperture&quot;:&quot;4.5&quot;,&quot;credit&quot;:&quot;&quot;,&quot;camera&quot;:&quot;Canon EOS 7D&quot;,&quot;caption&quot;:&quot;&quot;,&quot;created_timestamp&quot;:&quot;1330715455&quot;,&quot;copyright&quot;:&quot;&quot;,&quot;focal_length&quot;:&quot;50&quot;,&quot;iso&quot;:&quot;400&quot;,&quot;shutter_speed&quot;:&quot;0.0166666666667&quot;,&quot;title&quot;:&quot;&quot;}\" data-image-title=\"Hunde-1\" data-image-description=\"\" data-image-caption=\"\" data-medium-file=\"https:\/\/i0.wp.com\/finsk1946.dk\/wp-content\/uploads\/2014\/01\/Hunde-1.jpg?fit=198%2C300\" data-large-file=\"https:\/\/i0.wp.com\/finsk1946.dk\/wp-content\/uploads\/2014\/01\/Hunde-1.jpg?fit=424%2C640\" loading=\"lazy\" class=\"alignnone  wp-image-395\" alt=\"Hunde-1\" src=\"https:\/\/i0.wp.com\/finsk1946.dk\/wp-content\/uploads\/2014\/01\/Hunde-1.jpg?resize=213%2C323\" width=\"213\" height=\"323\" srcset=\"https:\/\/i0.wp.com\/finsk1946.dk\/wp-content\/uploads\/2014\/01\/Hunde-1.jpg?resize=198%2C300 198w, https:\/\/i0.wp.com\/finsk1946.dk\/wp-content\/uploads\/2014\/01\/Hunde-1.jpg?w=424 424w\" sizes=\"(max-width: 213px) 100vw, 213px\" data-recalc-dims=\"1\" \/><\/a><br \/>\n<strong>Han er nu en flot fyr ham Kimi,<\/strong><br \/>\n<strong>og s\u00e5 er han ogs\u00e5 min far<\/strong><\/p>\n<p align=\"center\">\n","protected":false},"excerpt":{"rendered":"<p>Mea (Vedhauge Chip) Dv\u00e6rg Pinscher, f\u00f8dt den 09.09.2009 Far: Vedhauge Kimi &#8211; Mor: Vedhauge Holly Ja, \u00f8rerne er stadig ikke s\u00e5 h\u00f8jt st\u00e5ende. Lydig hund &#8211; SIT Her har jeg det sk\u00f8nt, dejlig pude. Han er nu en flot fyr &hellip; <a href=\"http:\/\/finsk1946.dk\/?page_id=27\">L\u00e6s resten <span class=\"meta-nav\">&rarr;<\/span><\/a><\/p>\n","protected":false},"author":1,"featured_media":0,"parent":11,"menu_order":20,"comment_status":"closed","ping_status":"closed","template":"","meta":[],"jetpack_sharing_enabled":true,"jetpack_shortlink":"https:\/\/wp.me\/P6Pn4t-r","jetpack-related-posts":[{"id":25,"url":"http:\/\/finsk1946.dk\/?page_id=25","url_meta":{"origin":27,"position":0},"title":"Kimi","date":"25. januar 2014","format":false,"excerpt":"Kimi (Vedhauge Kimi) Dv\u00e6rg Pinscher F\u00f8dt 30.10.2007 D\u00f8d 06.09.2022 (15 \u00e5r gammel) Han er fra Kennel Vedhauge v\/Jytte Pedersen. Hans far A'Dreams Soldier er opdr\u00e6tte i Finland, men har v\u00e6ret l\u00e5nt ud til Kennel Vedhauge, til opdr\u00e6t. Hans mor er Vedhauge Fie er opdr\u00e6tte i Danmark. F\u00e5 dage gammel Her\u2026","rel":"","context":"Similar post","img":{"alt_text":"","src":"https:\/\/i0.wp.com\/finsk1946.dk\/wp-content\/uploads\/2014\/03\/Kimi01-300x265.jpg?resize=350%2C200","width":350,"height":200},"classes":[]},{"id":153,"url":"http:\/\/finsk1946.dk\/?page_id=153","url_meta":{"origin":27,"position":1},"title":"Chip","date":"1. marts 2014","format":false,"excerpt":"Chip (Vedhauge Chip) Dv\u00e6rg Pinscher, f\u00f8dt den 10.05.1999 D\u00f8de desv\u00e6rre 29.08.2006 Han er fra Kennel Vedhauge v\/Jytte Pedersen. Hans far Royal Boru Capten Cook (DKCH) er opdr\u00e6tte i Finland, men er importeret til Danmark. Hans mor er Vedhauge Oline (DKCH) er opdr\u00e6tte i Danmark. Chip har v\u00e6ret til udstillinger, men\u2026","rel":"","context":"Similar post","img":{"alt_text":"","src":"https:\/\/i0.wp.com\/finsk1946.dk\/wp-content\/uploads\/2014\/03\/Chip01-275x300.jpg?resize=350%2C200","width":350,"height":200},"classes":[]},{"id":21,"url":"http:\/\/finsk1946.dk\/?page_id=21","url_meta":{"origin":27,"position":2},"title":"Hobby","date":"25. januar 2014","format":false,"excerpt":"Hobby Vedhauge Hobby F\u00f8dt 13.10.2004 D\u00f8d 21.01.2021 (16 \u00e5r gammel) Far: Exigor\u2019s Bingo in Black Mor: Vedhauge Chanel Hobby er fra Kennel Vedhauge v\/Jytte Pedersen P\u00e5 billedet er Hobby blevet \u00bd \u00e5r, og \u00f8rerne er blevet flot st\u00e5ende. Hyggestund med Chip, det er Hobby bagerst Uha, det er koldt i\u2026","rel":"","context":"Similar post","img":{"alt_text":"Hobby01","src":"https:\/\/i0.wp.com\/finsk1946.dk\/wp-content\/uploads\/2014\/03\/Hobby01-300x229.jpg?resize=350%2C200","width":350,"height":200},"classes":[]},{"id":23,"url":"http:\/\/finsk1946.dk\/?page_id=23","url_meta":{"origin":27,"position":3},"title":"Joy","date":"25. januar 2014","format":false,"excerpt":"Joy (Vedhauge Joy) Dv\u00e6rg Pinscher, F\u00f8dt 29.03.2006 D\u00f8d 14.12.1919 Han er fra Kennel Vedhauge v\/Jytte Pedersen. Hans far Blue-Star Nemo (DKCH, SCH), er opdr\u00e6tte i Ungarn, men er importeret til Sverige. Hans mor er Exigor's Simba Zue er opdr\u00e6ttet i Sverige men er importeret til Danmark, og ejes af Kennel\u2026","rel":"","context":"Similar post","img":{"alt_text":"","src":"https:\/\/i0.wp.com\/finsk1946.dk\/wp-content\/uploads\/2014\/03\/Joy01-213x300.jpg?resize=350%2C200","width":350,"height":200},"classes":[]},{"id":11,"url":"http:\/\/finsk1946.dk\/?page_id=11","url_meta":{"origin":27,"position":4},"title":"Hunde","date":"25. januar 2014","format":false,"excerpt":"Jeg har stort set hele mit liv haft hunde. PT. har jeg 4 Dv\u00e6rg Pinschere, som alle kommer fra Kennel Vedhauge. Jeg har tidligere haft Dobberman, Sch\u00e6fer, Welsh Terrier, Basenji og Greyhound.","rel":"","context":"Similar post","img":{"alt_text":"","src":"","width":0,"height":0},"classes":[]}],"_links":{"self":[{"href":"http:\/\/finsk1946.dk\/index.php?rest_route=\/wp\/v2\/pages\/27"}],"collection":[{"href":"http:\/\/finsk1946.dk\/index.php?rest_route=\/wp\/v2\/pages"}],"about":[{"href":"http:\/\/finsk1946.dk\/index.php?rest_route=\/wp\/v2\/types\/page"}],"author":[{"embeddable":true,"href":"http:\/\/finsk1946.dk\/index.php?rest_route=\/wp\/v2\/users\/1"}],"replies":[{"embeddable":true,"href":"http:\/\/finsk1946.dk\/index.php?rest_route=%2Fwp%2Fv2%2Fcomments&post=27"}],"version-history":[{"count":4,"href":"http:\/\/finsk1946.dk\/index.php?rest_route=\/wp\/v2\/pages\/27\/revisions"}],"predecessor-version":[{"id":403,"href":"http:\/\/finsk1946.dk\/index.php?rest_route=\/wp\/v2\/pages\/27\/revisions\/403"}],"up":[{"embeddable":true,"href":"http:\/\/finsk1946.dk\/index.php?rest_route=\/wp\/v2\/pages\/11"}],"wp:attachment":[{"href":"http:\/\/finsk1946.dk\/index.php?rest_route=%2Fwp%2Fv2%2Fmedia&parent=27"}],"curies":[{"name":"wp","href":"https:\/\/api.w.org\/{rel}","templated":true}]}}