{"id":13,"date":"2014-01-25T18:33:29","date_gmt":"2014-01-25T18:33:29","guid":{"rendered":"http:\/\/finsk1946.dk\/?page_id=13"},"modified":"2014-03-02T15:00:57","modified_gmt":"2014-03-02T15:00:57","slug":"fotografering","status":"publish","type":"page","link":"http:\/\/finsk1946.dk\/?page_id=13","title":{"rendered":"Fotografering"},"content":{"rendered":"<p style=\"text-align: center;\"><strong>Her vil der blive indsat foto, som ogs\u00e5 viser andre<br \/>\nsider af mine interesser, det v\u00e6re sig dyr, kirke<br \/>\nog andre sk\u00f8nne bygninger, biler og motorcykler,<br \/>\nog endelig mennesker.<\/strong><\/p>\n<p style=\"text-align: center;\">Lidt foto fra diverse l\u00f8b og h\u00e6ndelser.<\/p>\n","protected":false},"excerpt":{"rendered":"<p>Her vil der blive indsat foto, som ogs\u00e5 viser andre sider af mine interesser, det v\u00e6re sig dyr, kirke og andre sk\u00f8nne bygninger, biler og motorcykler, og endelig mennesker. Lidt foto fra diverse l\u00f8b og h\u00e6ndelser.<\/p>\n","protected":false},"author":1,"featured_media":0,"parent":6,"menu_order":15,"comment_status":"closed","ping_status":"closed","template":"","meta":[],"jetpack_sharing_enabled":true,"jetpack_shortlink":"https:\/\/wp.me\/P6Pn4t-d","jetpack-related-posts":[{"id":9,"url":"http:\/\/finsk1946.dk\/?page_id=9","url_meta":{"origin":13,"position":0},"title":"Musik","date":"25. januar 2014","format":false,"excerpt":"En beskrivelse af mit liv, med herlig musik, med herlige mennesker, med sk\u00f8nne rejser. MUSIK er at LEVE. \u00a0 I min familie har der v\u00e6ret tradition for at dyrke musik, da flere af min mors f\u00e6tre var musikere. M\u00e5ske var det pga. min mormor s\u00f8sters mand, onkel Thomas (Thomas Larsen),\u2026","rel":"","context":"Similar post","img":{"alt_text":"Musik18","src":"https:\/\/i0.wp.com\/finsk1946.dk\/wp-content\/uploads\/2014\/03\/Musik18-300x199.jpg?resize=350%2C200","width":350,"height":200},"classes":[]},{"id":23,"url":"http:\/\/finsk1946.dk\/?page_id=23","url_meta":{"origin":13,"position":1},"title":"Joy","date":"25. januar 2014","format":false,"excerpt":"Joy (Vedhauge Joy) Dv\u00e6rg Pinscher, F\u00f8dt 29.03.2006 D\u00f8d 14.12.1919 Han er fra Kennel Vedhauge v\/Jytte Pedersen. Hans far Blue-Star Nemo (DKCH, SCH), er opdr\u00e6tte i Ungarn, men er importeret til Sverige. Hans mor er Exigor's Simba Zue er opdr\u00e6ttet i Sverige men er importeret til Danmark, og ejes af Kennel\u2026","rel":"","context":"Similar post","img":{"alt_text":"","src":"https:\/\/i0.wp.com\/finsk1946.dk\/wp-content\/uploads\/2014\/03\/Joy01-213x300.jpg?resize=350%2C200","width":350,"height":200},"classes":[]},{"id":34,"url":"http:\/\/finsk1946.dk\/?page_id=34","url_meta":{"origin":13,"position":2},"title":"Min familie","date":"27. januar 2014","format":false,"excerpt":"Her er diverse foto af min familie. Der vil l\u00f8bende komme billeder af familien. Foto er opsat i vilk\u00e5rlig r\u00e6kkef\u00f8lge. Mine stolte for\u00e6ldre med mig som d\u00e5bsbarn. \u00a0\u00a0 Mine to dejlige piger, Helle og Karin Og her ses min mormor med sine 5 b\u00f8rn. Ruth, Grete, Poul, Astrid og Rita\u2026","rel":"","context":"Similar post","img":{"alt_text":"","src":"https:\/\/i0.wp.com\/finsk1946.dk\/wp-content\/uploads\/2014\/01\/Fam-Finn-d\u00c3\u00a5b-224x300.jpg?resize=350%2C200","width":350,"height":200},"classes":[]},{"id":155,"url":"http:\/\/finsk1946.dk\/?page_id=155","url_meta":{"origin":13,"position":3},"title":"Fuffu","date":"1. marts 2014","format":false,"excerpt":"Fuffu (Greyfarm On Time) Greyhound, f\u00f8dt den 15.06.2003 D\u00f8de desv\u00e6rre 14.12.2006 Han er fra Sverige, fra Kennel Greyfarm v\/Lotte \u00d8rum og Henning Olesen, som nu er bosat i Irland. Hans far Real Revenge er opdr\u00e6tte i Australien, men er importeret til Sverige. Hans mor er Miss Muggins er opdr\u00e6tte i\u2026","rel":"","context":"Similar post","img":{"alt_text":"","src":"https:\/\/i0.wp.com\/finsk1946.dk\/wp-content\/uploads\/2014\/03\/Fufu02-300x274.jpg?resize=350%2C200","width":350,"height":200},"classes":[]},{"id":157,"url":"http:\/\/finsk1946.dk\/?page_id=157","url_meta":{"origin":13,"position":4},"title":"Tidligere hunde","date":"1. marts 2014","format":false,"excerpt":"Hunde jeg tidligere har haft Her er diverse foto af hunde jeg har haft tidligere Dette er Bodo, en sk\u00f8n Dobberman. Han kom fra Tyskland, og vi hentede ham i Gedser. Han var transporteret i en tr\u00e6kasse, hvorp\u00e5 der stod \"Lebende tier\", s\u00e5 banearbejderne gjorde store \u00f8jne, og trak sig\u2026","rel":"","context":"Similar post","img":{"alt_text":"","src":"https:\/\/i0.wp.com\/finsk1946.dk\/wp-content\/uploads\/2014\/03\/Bodo01.jpg?resize=350%2C200","width":350,"height":200},"classes":[]},{"id":4,"url":"http:\/\/finsk1946.dk\/","url_meta":{"origin":13,"position":5},"title":"Hvem er jeg","date":"25. januar 2014","format":false,"excerpt":"I dag er jeg pensionist, med mange gode interesser. Tidligere har jeg arbejdet p\u00e5 K\u00f8benhavns Universitet i IT-afdelingen i mere end 40 \u00e5r. Jeg har spillet trompet siden jeg var 10 \u00e5r og dyrker stadig musik. Spiller i dag i et Brass Band samt 2 kvintetter. Jeg fik mit f\u00f8rste\u2026","rel":"","context":"Similar post","img":{"alt_text":"","src":"https:\/\/i0.wp.com\/finsk1946.dk\/wp-content\/uploads\/2014\/01\/DSC_0738-1-232x300.jpg?resize=350%2C200","width":350,"height":200},"classes":[]}],"_links":{"self":[{"href":"http:\/\/finsk1946.dk\/index.php?rest_route=\/wp\/v2\/pages\/13"}],"collection":[{"href":"http:\/\/finsk1946.dk\/index.php?rest_route=\/wp\/v2\/pages"}],"about":[{"href":"http:\/\/finsk1946.dk\/index.php?rest_route=\/wp\/v2\/types\/page"}],"author":[{"embeddable":true,"href":"http:\/\/finsk1946.dk\/index.php?rest_route=\/wp\/v2\/users\/1"}],"replies":[{"embeddable":true,"href":"http:\/\/finsk1946.dk\/index.php?rest_route=%2Fwp%2Fv2%2Fcomments&post=13"}],"version-history":[{"count":4,"href":"http:\/\/finsk1946.dk\/index.php?rest_route=\/wp\/v2\/pages\/13\/revisions"}],"predecessor-version":[{"id":365,"href":"http:\/\/finsk1946.dk\/index.php?rest_route=\/wp\/v2\/pages\/13\/revisions\/365"}],"up":[{"embeddable":true,"href":"http:\/\/finsk1946.dk\/index.php?rest_route=\/wp\/v2\/pages\/6"}],"wp:attachment":[{"href":"http:\/\/finsk1946.dk\/index.php?rest_route=%2Fwp%2Fv2%2Fmedia&parent=13"}],"curies":[{"name":"wp","href":"https:\/\/api.w.org\/{rel}","templated":true}]}}